{"id":11287,"date":"2023-02-07T17:09:24","date_gmt":"2023-02-07T17:09:24","guid":{"rendered":"https:\/\/sportjunkie.de\/?page_id=11287"},"modified":"2024-07-21T12:40:59","modified_gmt":"2024-07-21T12:40:59","slug":"rad-3-kampf-2023","status":"publish","type":"page","link":"https:\/\/sportjunkie.de\/?page_id=11287","title":{"rendered":"RADSPORT 3-KAMPF 2024"},"content":{"rendered":"\t\t<div data-elementor-type=\"wp-page\" data-elementor-id=\"11287\" class=\"elementor elementor-11287\">\n\t\t\t\t<div class=\"elementor-element elementor-element-95e6954 e-flex e-con-boxed e-con e-parent\" data-id=\"95e6954\" data-element_type=\"container\" data-e-type=\"container\">\n\t\t\t\t\t<div class=\"e-con-inner\">\n\t\t\t\t<div class=\"elementor-element elementor-element-83c8084 elementor-widget elementor-widget-text-editor\" data-id=\"83c8084\" data-element_type=\"widget\" data-e-type=\"widget\" data-widget_type=\"text-editor.default\">\n\t\t\t\t\t\t\t\t\t<p style=\"text-align: center;\"><span style=\"color: #ff0000;\"><strong>Der Titel, Meister des Radsport 3-Kampfes 2024, geht wie 2023 an Marcus Rascher! Herzlichen Gl\u00fcckwunsch Marcus!<\/strong><\/span><\/p>\t\t\t\t\t\t\t\t<\/div>\n\t\t\t\t<div class=\"elementor-element elementor-element-561893d elementor-align-center elementor-widget elementor-widget-button\" data-id=\"561893d\" data-element_type=\"widget\" data-e-type=\"widget\" data-widget_type=\"button.default\">\n\t\t\t\t\t\t\t\t\t\t<a class=\"elementor-button elementor-button-link elementor-size-sm\" href=\"https:\/\/sportjunkie.de\/?page_id=89081\">\n\t\t\t\t\t\t<span class=\"elementor-button-content-wrapper\">\n\t\t\t\t\t\t\t\t\t<span class=\"elementor-button-text\">ERGEBNISSE BZF - 2024<\/span>\n\t\t\t\t\t<\/span>\n\t\t\t\t\t<\/a>\n\t\t\t\t\t\t\t\t<\/div>\n\t\t\t\t<div class=\"elementor-element elementor-element-7ba982d elementor-align-center elementor-widget elementor-widget-button\" data-id=\"7ba982d\" data-element_type=\"widget\" data-e-type=\"widget\" data-widget_type=\"button.default\">\n\t\t\t\t\t\t\t\t\t\t<a class=\"elementor-button elementor-button-link elementor-size-sm\" href=\"https:\/\/sportjunkie.de\/?page_id=88506\">\n\t\t\t\t\t\t<span class=\"elementor-button-content-wrapper\">\n\t\t\t\t\t\t\t\t\t<span class=\"elementor-button-text\">ERGEBNISSE EZF - 2024<\/span>\n\t\t\t\t\t<\/span>\n\t\t\t\t\t<\/a>\n\t\t\t\t\t\t\t\t<\/div>\n\t\t\t\t<div class=\"elementor-element elementor-element-27c248a elementor-align-center elementor-widget elementor-widget-button\" data-id=\"27c248a\" data-element_type=\"widget\" data-e-type=\"widget\" data-widget_type=\"button.default\">\n\t\t\t\t\t\t\t\t\t\t<a class=\"elementor-button elementor-button-link elementor-size-sm\" href=\"https:\/\/sportjunkie.de\/?page_id=88760\">\n\t\t\t\t\t\t<span class=\"elementor-button-content-wrapper\">\n\t\t\t\t\t\t\t\t\t<span class=\"elementor-button-text\">ERGEBNISSE MTB - 2024<\/span>\n\t\t\t\t\t<\/span>\n\t\t\t\t\t<\/a>\n\t\t\t\t\t\t\t\t<\/div>\n\t\t\t\t<div class=\"elementor-element elementor-element-e04944d elementor-widget elementor-widget-text-editor\" data-id=\"e04944d\" data-element_type=\"widget\" data-e-type=\"widget\" data-widget_type=\"text-editor.default\">\n\t\t\t\t\t\t\t\t\t<div id=\"content\" class=\"content\" role=\"main\"><div class=\"elementor elementor-11287\" data-elementor-type=\"wp-page\" data-elementor-id=\"11287\"><div class=\"elementor-element elementor-element-dd47cf4 e-flex e-con-boxed e-con\" data-id=\"dd47cf4\" data-element_type=\"container\" data-settings=\"{&quot;content_width&quot;:&quot;boxed&quot;}\"><div class=\"e-con-inner\"><div class=\"elementor-element elementor-element-acb577d elementor-widget elementor-widget-text-editor\" data-id=\"acb577d\" data-element_type=\"widget\" data-widget_type=\"text-editor.default\"><div class=\"elementor-widget-container\"><p><span style=\"color: #000000;\"><strong>Beim RADSPORT 3-KAMPF 2024 soll die vielseitigste Radsportlerin, der vielseitigste Radsportler im N\u00fcrnberger Land, ermittelt werden!<\/strong><\/span><\/p><p><span style=\"color: #000000;\"><strong>Neben den Vereinsmitgliedern des RC Radlexpress sind GaststarterInnen\/Gaststarter herzlich eingeladen am RAD 3-KAMPF 2024 teilzunehmen.<\/strong><\/span><\/p><p><span style=\"color: #000000;\"><strong>Es gibt eine Vereinsmeisterschaftswertung sowie eine Overallwertung!<\/strong><\/span><\/p><p><span style=\"color: #000000;\"><strong>Selbstverst\u00e4ndlich ist es auch m\u00f6glich nur an ein oder zwei Veranstaltungen teilzunehmen. Wer allerdings um die Krone k\u00e4mpfen m\u00f6chte, muss alle drei Rennen bestreiten!<br \/><\/strong><\/span><\/p><ul><li style=\"text-align: left;\"><strong><span style=\"color: #000000;\">01.05.2024 \u2013 1. Leistungsvergleich: Einzelzeitfahren (21 Kilometer) &#8211; Start 1.Fahrer: 09:00 Uhr, dann alle weiteren mit 60 Sekunden Startabstand. <\/span><br \/><\/strong><\/li><li><span style=\"color: #000000;\"><strong><span style=\"color: #ff0000;\">07.06.- 16.06.2024<\/span> \u2013 2. Leistungsvergleich: MTB-Rennen (STRAVA) \u2013 Jeder Teilnehmer muss innerhalb des 10-Tage-Zeitfensters das STRAVA-Segment (siehe Email Sportverteiler)\u00a0 abfahren! Es sind mehrere Versuche erlaubt, gewertet wird die schnellste gefahrene Zeit innerhalb des genannten Zeitfensters! <span style=\"color: #ff0000;\">Anmeldeschluss: 06.06.2024 &#8211; 24:00 Uhr! Nachmeldungen sind nicht m\u00f6glich!<\/span><br \/><\/strong><\/span><\/li><li><strong><span style=\"color: #000000;\">21.07.2024 \u2013 3. Leistungsvergleich: Bergzeitfahren (Deckersberg \u2013 Auffahrt von der Stauseeseite aus) &#8211; Start 1.Fahrer: 09:00 Uhr, dann alle weiteren mit 60 Sekunden Startabstand<\/span><br \/><\/strong><\/li><li><span style=\"color: #000000;\"><strong>Kosten: KEINE \u2013 eine kleine freiwillige Spende (Wert eines Milchcafes) ist hoffentlich jedem die Sache wert \u2013 die Wettkampfsau steht wie gewohnt immer bereit \ud83d\ude42<\/strong><strong><br \/><\/strong><\/span><\/li><li><span style=\"color: #000000;\"><strong>Es stehen max. 50 Startpl\u00e4tze zur Verf\u00fcgung! Die Vergabe der Startpl\u00e4tze erfolgt streng und transparent nach dem Anmeldezeitpunkt!<\/strong><\/span><\/li><li><strong><span style=\"color: #ff0000;\">Startrecht nur nach vorheriger Anmeldung f\u00fcr jedes einzelne Rennen!<\/span><br \/><\/strong><\/li><li><span style=\"color: #ff0000;\"><strong>Minderj\u00e4hrige m\u00fcssen vor dem Start eine schriftliche Einwilligungserkl\u00e4rung der Erziehungsberechtigten vorlegen! <\/strong><\/span><\/li><li><span style=\"color: #000000;\"><strong>Letzte Informationen (Startzeiten und Startreihenfolge) versende ich immer am Wettkampfvortag bis 12:00 Uhr \u00fcber den Sport-Emailverteiler!<\/strong><\/span><\/li><\/ul><p style=\"text-align: center;\"><span style=\"color: #000000;\"><strong>Wer noch nicht in dem Verteiler ist und rein m\u00f6chte sendet mir bitte eine kurze E-mail an race@sportjunkie<\/strong><\/span><\/p><\/div><\/div><\/div><\/div><\/div><\/div>\t\t\t\t\t\t\t\t<\/div>\n\t\t\t\t\t<\/div>\n\t\t\t\t<\/div>\n\t\t<div class=\"elementor-element elementor-element-1d011f1 e-grid e-con-boxed e-con e-parent\" data-id=\"1d011f1\" data-element_type=\"container\" data-e-type=\"container\">\n\t\t\t\t\t<div class=\"e-con-inner\">\n\t\t\t\t\t<\/div>\n\t\t\t\t<\/div>\n\t\t<div class=\"elementor-element elementor-element-35986a4 e-grid e-con-boxed e-con e-parent\" data-id=\"35986a4\" data-element_type=\"container\" data-e-type=\"container\">\n\t\t\t\t\t<div class=\"e-con-inner\">\n\t\t\t\t\t<\/div>\n\t\t\t\t<\/div>\n\t\t\t\t<\/div>\n\t\t","protected":false},"excerpt":{"rendered":"<p>Der Titel, Meister des Radsport 3-Kampfes 2024, geht wie 2023 an Marcus Rascher! Herzlichen Gl\u00fcckwunsch Marcus! ERGEBNISSE BZF &#8211; 2024 ERGEBNISSE EZF &#8211; 2024 ERGEBNISSE MTB &#8211; 2024 Beim RADSPORT 3-KAMPF 2024 soll die vielseitigste Radsportlerin, der vielseitigste Radsportler im N\u00fcrnberger Land, ermittelt werden! Neben den Vereinsmitgliedern des RC Radlexpress sind GaststarterInnen\/Gaststarter herzlich eingeladen am&hellip;<\/p>\n","protected":false},"author":1,"featured_media":0,"parent":2850,"menu_order":0,"comment_status":"closed","ping_status":"closed","template":"","meta":{"footnotes":""},"class_list":["post-11287","page","type-page","status-publish","hentry"],"jetpack_sharing_enabled":true,"_links":{"self":[{"href":"https:\/\/sportjunkie.de\/index.php?rest_route=\/wp\/v2\/pages\/11287"}],"collection":[{"href":"https:\/\/sportjunkie.de\/index.php?rest_route=\/wp\/v2\/pages"}],"about":[{"href":"https:\/\/sportjunkie.de\/index.php?rest_route=\/wp\/v2\/types\/page"}],"author":[{"embeddable":true,"href":"https:\/\/sportjunkie.de\/index.php?rest_route=\/wp\/v2\/users\/1"}],"replies":[{"embeddable":true,"href":"https:\/\/sportjunkie.de\/index.php?rest_route=%2Fwp%2Fv2%2Fcomments&post=11287"}],"version-history":[{"count":317,"href":"https:\/\/sportjunkie.de\/index.php?rest_route=\/wp\/v2\/pages\/11287\/revisions"}],"predecessor-version":[{"id":89096,"href":"https:\/\/sportjunkie.de\/index.php?rest_route=\/wp\/v2\/pages\/11287\/revisions\/89096"}],"up":[{"embeddable":true,"href":"https:\/\/sportjunkie.de\/index.php?rest_route=\/wp\/v2\/pages\/2850"}],"wp:attachment":[{"href":"https:\/\/sportjunkie.de\/index.php?rest_route=%2Fwp%2Fv2%2Fmedia&parent=11287"}],"curies":[{"name":"wp","href":"https:\/\/api.w.org\/{rel}","templated":true}]}}

<div data-elementor-type="wp-page" data-elementor-id="11287" class="elementor elementor-11287">
				<div class="elementor-element elementor-element-95e6954 e-flex e-con-boxed e-con e-parent" data-id="95e6954" data-element_type="container" data-e-type="container">
					<div class="e-con-inner">
				<div class="elementor-element elementor-element-83c8084 elementor-widget elementor-widget-text-editor" data-id="83c8084" data-element_type="widget" data-e-type="widget" data-widget_type="text-editor.default">
									<p style="text-align: center;"><span style="color: #ff0000;"><strong>Der Titel, Meister des Radsport 3-Kampfes 2024, geht wie 2023 an Marcus Rascher! Herzlichen Glückwunsch Marcus!</strong></span></p>								</div>
				<div class="elementor-element elementor-element-561893d elementor-align-center elementor-widget elementor-widget-button" data-id="561893d" data-element_type="widget" data-e-type="widget" data-widget_type="button.default">
										<a class="elementor-button elementor-button-link elementor-size-sm" href="https://sportjunkie.de/?page_id=89081">
						<span class="elementor-button-content-wrapper">
									<span class="elementor-button-text">ERGEBNISSE BZF - 2024</span>
					</span>
					</a>
								</div>
				<div class="elementor-element elementor-element-7ba982d elementor-align-center elementor-widget elementor-widget-button" data-id="7ba982d" data-element_type="widget" data-e-type="widget" data-widget_type="button.default">
										<a class="elementor-button elementor-button-link elementor-size-sm" href="https://sportjunkie.de/?page_id=88506">
						<span class="elementor-button-content-wrapper">
									<span class="elementor-button-text">ERGEBNISSE EZF - 2024</span>
					</span>
					</a>
								</div>
				<div class="elementor-element elementor-element-27c248a elementor-align-center elementor-widget elementor-widget-button" data-id="27c248a" data-element_type="widget" data-e-type="widget" data-widget_type="button.default">
										<a class="elementor-button elementor-button-link elementor-size-sm" href="https://sportjunkie.de/?page_id=88760">
						<span class="elementor-button-content-wrapper">
									<span class="elementor-button-text">ERGEBNISSE MTB - 2024</span>
					</span>
					</a>
								</div>
				<div class="elementor-element elementor-element-e04944d elementor-widget elementor-widget-text-editor" data-id="e04944d" data-element_type="widget" data-e-type="widget" data-widget_type="text-editor.default">
									<div id="content" class="content" role="main"><div class="elementor elementor-11287" data-elementor-type="wp-page" data-elementor-id="11287"><div class="elementor-element elementor-element-dd47cf4 e-flex e-con-boxed e-con" data-id="dd47cf4" data-element_type="container" data-settings="{&quot;content_width&quot;:&quot;boxed&quot;}"><div class="e-con-inner"><div class="elementor-element elementor-element-acb577d elementor-widget elementor-widget-text-editor" data-id="acb577d" data-element_type="widget" data-widget_type="text-editor.default"><div class="elementor-widget-container"><p><span style="color: #000000;"><strong>Beim RADSPORT 3-KAMPF 2024 soll die vielseitigste Radsportlerin, der vielseitigste Radsportler im Nürnberger Land, ermittelt werden!</strong></span></p><p><span style="color: #000000;"><strong>Neben den Vereinsmitgliedern des RC Radlexpress sind GaststarterInnen/Gaststarter herzlich eingeladen am RAD 3-KAMPF 2024 teilzunehmen.</strong></span></p><p><span style="color: #000000;"><strong>Es gibt eine Vereinsmeisterschaftswertung sowie eine Overallwertung!</strong></span></p><p><span style="color: #000000;"><strong>Selbstverständlich ist es auch möglich nur an ein oder zwei Veranstaltungen teilzunehmen. Wer allerdings um die Krone kämpfen möchte, muss alle drei Rennen bestreiten!<br /></strong></span></p><ul><li style="text-align: left;"><strong><span style="color: #000000;">01.05.2024 – 1. Leistungsvergleich: Einzelzeitfahren (21 Kilometer) &#8211; Start 1.Fahrer: 09:00 Uhr, dann alle weiteren mit 60 Sekunden Startabstand. </span><br /></strong></li><li><span style="color: #000000;"><strong><span style="color: #ff0000;">07.06.- 16.06.2024</span> – 2. Leistungsvergleich: MTB-Rennen (STRAVA) – Jeder Teilnehmer muss innerhalb des 10-Tage-Zeitfensters das STRAVA-Segment (siehe Email Sportverteiler)  abfahren! Es sind mehrere Versuche erlaubt, gewertet wird die schnellste gefahrene Zeit innerhalb des genannten Zeitfensters! <span style="color: #ff0000;">Anmeldeschluss: 06.06.2024 &#8211; 24:00 Uhr! Nachmeldungen sind nicht möglich!</span><br /></strong></span></li><li><strong><span style="color: #000000;">21.07.2024 – 3. Leistungsvergleich: Bergzeitfahren (Deckersberg – Auffahrt von der Stauseeseite aus) &#8211; Start 1.Fahrer: 09:00 Uhr, dann alle weiteren mit 60 Sekunden Startabstand</span><br /></strong></li><li><span style="color: #000000;"><strong>Kosten: KEINE – eine kleine freiwillige Spende (Wert eines Milchcafes) ist hoffentlich jedem die Sache wert – die Wettkampfsau steht wie gewohnt immer bereit 🙂</strong><strong><br /></strong></span></li><li><span style="color: #000000;"><strong>Es stehen max. 50 Startplätze zur Verfügung! Die Vergabe der Startplätze erfolgt streng und transparent nach dem Anmeldezeitpunkt!</strong></span></li><li><strong><span style="color: #ff0000;">Startrecht nur nach vorheriger Anmeldung für jedes einzelne Rennen!</span><br /></strong></li><li><span style="color: #ff0000;"><strong>Minderjährige müssen vor dem Start eine schriftliche Einwilligungserklärung der Erziehungsberechtigten vorlegen! </strong></span></li><li><span style="color: #000000;"><strong>Letzte Informationen (Startzeiten und Startreihenfolge) versende ich immer am Wettkampfvortag bis 12:00 Uhr über den Sport-Emailverteiler!</strong></span></li></ul><p style="text-align: center;"><span style="color: #000000;"><strong>Wer noch nicht in dem Verteiler ist und rein möchte sendet mir bitte eine kurze E-mail an race@sportjunkie</strong></span></p></div></div></div></div></div></div>								</div>
					</div>
				</div>
		<div class="elementor-element elementor-element-1d011f1 e-grid e-con-boxed e-con e-parent" data-id="1d011f1" data-element_type="container" data-e-type="container">
					<div class="e-con-inner">
					</div>
				</div>
		<div class="elementor-element elementor-element-35986a4 e-grid e-con-boxed e-con e-parent" data-id="35986a4" data-element_type="container" data-e-type="container">
					<div class="e-con-inner">
					</div>
				</div>
				</div>

<p>Der Titel, Meister des Radsport 3-Kampfes 2024, geht wie 2023 an Marcus Rascher! Herzlichen Glückwunsch Marcus! ERGEBNISSE BZF &#8211; 2024 ERGEBNISSE EZF &#8211; 2024 ERGEBNISSE MTB &#8211; 2024 Beim RADSPORT 3-KAMPF 2024 soll die vielseitigste Radsportlerin, der vielseitigste Radsportler im Nürnberger Land, ermittelt werden! Neben den Vereinsmitgliedern des RC Radlexpress sind GaststarterInnen/Gaststarter herzlich eingeladen am&hellip;</p>
